6988?
8
What is the thousands digit of 770503376?
3
What is the ten thousands digit of 518397762?
9
What is the ten millions digit of 181666045?
8
What is the hundred millions digit of 440864939?
4
What is the millions digit of 61303804?
1
What is the tens digit of 20520871?
7
What is the millions digit of 452702500?
2
What is the ten thousands digit of 1942034516?
3
What is the millions digit of 75308551?
5
What is the units digit of 1708434429?
9
What is the hundred thousands digit of 1121246587?
2
What is the hundred thousands digit of 4171262276?
2
What is the hundreds digit of 73463097?
0
What is the hundreds digit of 64634373?
3
What is the millions digit of 37622580?
7
What is the thousands digit of 57502756?
2
What is the ten thousands digit of 143801224?
0
What is the millions digit of 770541139?
0
What is the tens digit of 176294542?
4
What is the thousands digit of 82407479?
7
What is the thousands digit of 83474778?
4
What is the millions digit of 1851115?
1
What is the millions digit of 3268077688?
8
What is the thousands digit of 823863840?
3
What is the hundred millions digit of 218713829?
2
What is the ten thousands digit of 2916676708?
7
What is the hundred thousands digit of 49181518?
1
What is the tens digit of 2722698?
9
What is the tens digit of 1186840490?
9
What is the hundred millions digit of 123605396?
1
What is the ten millions digit of 606377892?
0
What is the units digit of 1702293104?
4
What is the thousands digit of 59948732?
8
What is the thousands digit of 14719824?
9
What is the units digit of 832857928?
8
What is the tens digit of 17446386?
8
What is the millions digit of 3076142856?
6
What is the hundred millions digit of 273060636?
2
What is the units digit of 242473283?
3
What is the ten millions digit of 174952720?
7
What is the millions digit of 519419949?
9
What is the ten thousands digit of 53604410?
0
What is the hundred millions digit of 138333332?
1
What is the thousands digit of 629038814?
8
What is the ten millions digit of 58606850?
5
What is the ten thousands digit of 7229398?
2
What is the hundreds digit of 21450370?
3
What is the ten thousands digit of 159262482?
6
What is the thousands digit of 84497108?
7
What is the hundreds digit of 79760934?
9
What is the thousands digit of 1049509177?
9
What is the hundred thousands digit of 65122504?
1
What is the units digit of 127387537?
7
What is the ten millions digit of 294554003?
9
What is the thousands digit of 496601663?
1
What is the ten thousands digit of 1942400?
4
What is the millions digit of 45825473?
5
What is the tens digit of 225229697?
9
What is the millions digit of 838543100?
8
What is the millions digit of 8380996?
8
What is the hundreds digit of 2354156837?
8
What is the hundred millions digit of 1976783285?
9
What is the ten thousands digit of 5432862?
3
What is the ten millions digit of 80035738?
8
What is the millions digit of 757032340?
7
What is the ten millions digit of 19353877?
1
What is the hundred thousands digit of 75118273?
1
What is the hundred thousands digit of 47536173?
5
What is the units digit of 1108318882?
2
What is the ten thousands digit of 36362474?
6
What is the ten millions digit of 938147884?
3
What is the units digit of 3110211800?
0
What is the hundred millions digit of 786163118?
7
What is the millions digit of 6649837?
6
What is the units digit of 792835374?
4
What is the hundred millions digit of 2352275012?
3
What is the ten millions digit of 15192004?
1
What is the tens digit of 5378366841?
4
What is the thousands digit of 2862919694?
9
What is the hundred millions digit of 8832227084?
8
What is the hundred millions digit of 252251878?
2
What is the tens digit of 4306252315?
1
What is the hundred thousands digit of 1651067293?
0
What is the hundred thousands digit of 45294932?
2
What is the units digit of 165058463?
3
What is the ten millions digit of 13212959?
1
What is the hundreds digit of 3174027402?
4
What is the hundred millions digit of 623425454?
6
What is the ten thousands digit of 12458670?
5
What is the tens digit of 22889670?
7
What is the tens digit of 86636578?
7
What is the units digit of 6860320?
0
What is the millions digit of 25867662?
5
What is the millions digit of 74426225?
4
What is the millions digit of 205837806?
5
What is the ten thousands digit of 102679781?
7
What is the hundred thousands digit of 3623333894?
3
What is the ten millions digit of 27047053?
2
What is the millions digit of 307193713?
7
What is the hundred thousands digit of 51386098?
3
What is the ten millions digit of 872590335?
7
What is the hundred thousands digit of 157899966?
8
What is the units digit of 339246897?
7
What is the ten millions digit of 358152666?
5
What is the tens digit of 84385244?
4
What is the units digit of 406079175?
5
What is the hundreds digit of 209825072?
0
What is the ten millions digit of 999385190?
9
What is the ten millions digit of 487582614?
8
What is the millions digit of 986812743?
6
What is the millions digit of 196386535?
6
What is the hundred millions digit of 203972994?
2
What is the millions digit of 193405270?
3
What is the hundreds digit of 124606211?
2
What is the hundreds digit of 481312868?
8
What is the hundred millions digit of 713029986?
7
What is the millions digit of 477482017?
7
What is the ten millions digit of 37713154?
3
What is the thousands digit of 147647058?
7
What is the thousands digit of 3178616268?
6
What is the units digit of 96907396?
6
What is the hundred thousands digit of 429127936?
1
What is the hundreds digit of 399102865?
8
What is the thousands digit of 847047562?
7
What is the hundred millions digit of 3667297032?
6
What is the ten millions digit of 21309642?
2
What is the hundred millions digit of 219142858?
2
What is the thousands digit of 75651225?
1
What is the ten thousands digit of 56728625?
2
What is the ten millions digit of 476351518?
7
What is the thousands digit of 333521232?
1
What is the tens digit of 5160028206?
0
What is the ten thousands digit of 116901248?
0
What is the tens digit of 4883819844?
4
What is the hundred thousands digit of 853036366?
0
What is the ten thousands digit of 40739086?
3
What is the units digit of 1416448634?
4
What is the ten thousands digit of 16939192?
3
What is the hundreds digit of 482387237?
2
What is the ten millions digit of 4034008197?
3
What is the ten thousands digit of 107805094?
0
What is the millions digit of 1577867006?
7
What is the ten thousands digit of 318417421?
1
What is the ten thousands digit of 5466399536?
9
What is the hundreds digit of 28467234?
2
What is the hundreds digit of 260640859?
8
What is the units digit of 209163135?
5
What is the tens digit of 1336889268?
6
What is the ten millions digit of 32540707?
3
What is the thousands digit of 372566268?
6
What is the hundreds digit of 28267604?
6
What is the tens digit of 58095411?
1
What is the hundred millions digit of 1785980543?
7
What is the millions digit of 1741208177?
1
What is the units digit of 237061110?
0
What is the ten thousands digit of 8090206069?
0
What is the hundred thousands digit of 179723516?
7
What is the hundreds digit of 149775530?
5
What is the hundreds digit of 80742281?
2
What is the tens digit of 1604171995?
9
What is the ten millions digit of 42328592?
4
What is the hundreds digit of 13343131?
1
What is the millions digit of 98354930?
8
What is the millions digit of 19320255?
9
What is the thousands digit of 38039510?
9
What is the tens digit of 270597380?
8
What is the ten thousands digit of 862317810?
1
What is the units digit of 22427685?
5
What is the ten millions digit of 159826044?
5
What is the thousands digit of 80874535?
4
What is the tens digit of 595670527?
2
What is the ten thousands digit of 178725396?
2
What is the tens digit of 8945812?
1
What is the thousands digit of 817400608?
0
What is the hundreds digit of 2103851330?
3
What is the thousands digit of 382552?
2
What is the tens digit of 528374942?
4
What is the hundred millions digit of 215267707?
2
What is the ten millions digit of 476166953?
7
What is the ten millions digit of 37580159?
3
What is the millions digit of 102538984?
2
What is the ten millions digit of 72336781?
7
What is the tens digit of 357182103?
0
